y 32?
1
What is the remainder when 651086 is divided by 34185?
1571
Calculate the remainder when 1024009 is divided by 148.
145
What is the remainder when 19992 is divided by 1056?
984
What is the remainder when 3980150 is divided by 13007?
8
What is the remainder when 34299303 is divided by 1471?
1467
Calculate the remainder when 6517791 is divided by 6517781.
10
Calculate the remainder when 2528996 is divided by 8211.
8
Calculate the remainder when 36529963 is divided by 56.
43
Calculate the remainder when 151649885 is divided by 19.
17
Calculate the remainder when 651646537 is divided by 151.
148
Calculate the remainder when 3169485 is divided by 47.
40
What is the remainder when 171194 is divided by 84627?
1940
Calculate the remainder when 2342131 is divided by 34.
7
What is the remainder when 56903 is divided by 891?
770
What is the remainder when 8705913 is divided by 372?
369
Calculate the remainder when 39766685 is divided by 54.
5
Calculate the remainder when 93156 is divided by 2587.
24
What is the remainder when 448416 is divided by 3?
0
Calculate the remainder when 21456610 is divided by 10728291.
28
What is the remainder when 312866 is divided by 15179?
9286
What is the remainder when 2208001 is divided by 1732?
1433
Calculate the remainder when 5805762 is divided by 2460.
162
What is the remainder when 316312 is divided by 24?
16
Calculate the remainder when 33432 is divided by 8901.
6729
What is the remainder when 735490 is divided by 3865?
1140
What is the remainder when 241044956 is divided by 158?
156
What is the remainder when 88427497 is divided by 909?
886
What is the remainder when 344107 is divided by 3174?
1315
Calculate the remainder when 1373401 is divided by 3150.
1
Calculate the remainder when 377008 is divided by 22096.
1376
Calculate the remainder when 1584837 is divided by 1880.
1877
Calculate the remainder when 29971787 is divided by 237.
56
What is the remainder when 5387913 is divided by 431?
413
Calculate the remainder when 493260 is divided by 5212.
3332
Calculate the remainder when 6372904 is divided by 37.
24
What is the remainder when 110067 is divided by 139?
118
Calculate the remainder when 103064 is divided by 47.
40
What is the remainder when 3985925 is divided by 384?
5
What is the remainder when 236395 is divided by 288?
235
What is the remainder when 125736127 is divided by 41?
33
Calculate the remainder when 4077211 is divided by 66.
61
What is the remainder when 16765372 is divided by 489?
7
What is the remainder when 196876 is divided by 17889?
97
Calculate the remainder when 16445105 is divided by 1370425.
5
Calculate the remainder when 401565 is divided by 57191.
1228
What is the remainder when 15822986 is divided by 75708?
14
What is the remainder when 142621 is divided by 28?
17
Calculate the remainder when 16774597 is divided by 170.
17
What is the remainder when 3807942 is divided by 1249?
990
What is the remainder when 6149179 is divided by 8123?
68
What is the remainder when 2732794504 is divided by 442?
440
What is the remainder when 4733090 is divided by 51?
35
What is the remainder when 1873774 is divided by 90?
64
Calculate the remainder when 6972 is divided by 946.
350
Calculate the remainder when 1816677 is divided by 873.
837
Calculate the remainder when 600712 is divided by 6257.
40
What is the remainder when 46221 is divided by 3073?
126
What is the remainder when 40727 is divided by 556?
139
Calculate the remainder when 940316 is divided by 676.
0
What is the remainder when 196345551 is divided by 12734?
5
Calculate the remainder when 345162 is divided by 1449.
300
Calculate the remainder when 1035550 is divided by 818.
780
Calculate the remainder when 2337459 is divided by 26562.
3
What is the remainder when 1308180 is divided by 2374?
106
Calculate the remainder when 115192514 is divided by 3928.
3914
What is the remainder when 3486383 is divided by 1157?
342
Calculate the remainder when 9799706 is divided by 37.
34
What is the remainder when 516078 is divided by 22437?
27
Calculate the remainder when 970272 is divided by 1030.
12
What is the remainder when 26804210 is divided by 367?
365
Calculate the remainder when 3052718 is divided by 440.
438
Calculate the remainder when 1371996 is divided by 2490.
6
Calculate the remainder when 393055 is divided by 130747.
814
Calculate the remainder when 3088117 is divided by 2143.
54
What is the remainder when 14571 is divided by 58?
13
Calculate the remainder when 2731784 is divided by 2731536.
248
Calculate the remainder when 360600 is divided by 71750.
1850
Calculate the remainder when 41693386 is divided by 5285.
21
What is the remainder when 2338702 is divided by 27514?
12
Calculate the remainder when 986907 is divided by 817.
788
What is the remainder when 26984749 is divided by 3250?
3249
Calculate the remainder when 16659639 is divided by 72.
63
What is the remainder when 215237 is divided by 107543?
151
What is the remainder when 258555 is divided by 64589?
199
Calculate the remainder when 4108599 is divided by 88.
55
What is the remainder when 2528337 is divided by 1422?
21
Calculate the remainder when 755637 is divided by 94449.
45
What is the remainder when 1026617 is divided by 2307?
2
What is the remainder when 66060419 is divided by 394?
15
Calculate the remainder when 3942173 is divided by 1314053.
14
Calculate the remainder when 75280 is divided by 155.
105
Calculate the remainder when 107099 is divided by 655.
334
Calculate the remainder when 323968 is divided by 3209.
3068
What is the remainder when 1450465 is divided by 516?
505
What is the remainder when 914805 is divided by 914669?
136
Calculate the remainder when 1361432 is divided by 170034.
1160
What is the remainder when 653569 is divided by 903?
700
Calculate the remainder when 4848777 is divided by 211.
208
Calculate the remainder when 3573091 is divided by 210176.
99
Calculate the remainder when 4210826 is divided by 183079.
9
What is the remainder when 1910425 is divided by 5307?
5212
What is the remainder when 1434044 is divided by 224?
220
Calculate the remainder when 76100 is divided by 37984.
132
Calculate the remainder when 6909 is divided by 3164.
581
Calculate the remainder when 7373013 is divided by 1843245.
33
Calculate the remainder when 648944 is divided by 305.
209
Calculate the remainder when 135002 is divided by 133573.
1429
Calculate the remainder when 414102 is divided by 207049.
4
What is the remainder when 794298 is divided by 680?
58
Calculate the remainder when 46822 is divided by 3249.
1336
What is the remainder when 24283159 is divided by 8094380?
19
What is the remainder when 403113 is divided by 481?
35
Calculate the remainder when 467455 is divided by 37.
34
Calculate the remainder when 206191012 is divided by 16.
4
Calculate the remainder when 8773945 is divided by 50.
45
Calculate the remainder when 11409900 is divided by 27.
24
What is the remainder when 1817609 is divided by 454277?
501
What is the remainder when 440402 is divided by 761?
544
What is the remainder when 218447 is divided by 1086?
161
What is the remainder when 42118 is divided by 8405?
93
Calculate the remainder when 350302 is divided by 10254.
1666
What is the remainder when 81885 is divided by 13646?
9
What is the remainder when 13657671 is divided by 235474?
179
Calculate the remainder when 4140119 is divided by 524.
519
What is the remainder when 10309126 is divided by 204?
190
Calculate the remainder when 1670983898 is divided by 10.
8
Calculate the remainder when 17733949 is divided by 1184.
1181
Calculate the remainder when 4066076 is divided by 430.
426
What is the remainder when 33966763 is divided by 315?
313
What is the remainder when 389865 is divided by 1929?
207
What is the remainder when 25402 is divided by 834?
382
What is the remainder when 10318013 is divided by 10318012?
1
Calculate the remainder when 597197 is divided by 29.
0
What is the remainder when 72229 is divided by 9337?
6870
Calculate the remainder when 173822 is divided by 1102.
808
What is the remainder when 1960497 is divided by 12253?
17
What is the remainder when 116451037 is divided by 38817008?
13
What is the remainder when 173914 is divided by 16?
10
Calculate the remai